uppose 0 = 2*x + 3*x - 25. Suppose 0 = -r + x*r - 20. Suppose 2*h + 3*g - 23 = 18, 0 = -2*h - r*g + 51. Calculate the remainder when 37 is divided by h.
11
Suppose 10 = 5*c + 3*q + q, -4*c + 8 = 4*q. Let h(i) = -i**3 - 2*i**2 - i. What is the remainder when c is divided by h(-2)?
0
Let r(z) = z**3 + 14*z**2 - 8*z - 13. What is the remainder when r(-14) is divided by 17?
14
Suppose -2*q = q - 45. What is the remainder when q is divided by 4?
3
Suppose 64 = -2*h + 4*h. Suppose -g - 34 = -4*c + 15, 2*c - 2*g = h. What is the remainder when 31 is divided by c?
9
Suppose 53*h - 54*h = -71. What is the remainder when h is divided by 9?
8
Let x be (3/(-1) - -8)*6. Suppose 45 = 5*w - x. Calculate the remainder when 28 is divided by w.
13
Let f(g) = g + 6. Let x be f(-5). Let v(d) = -x - 2*d - d**3 + d**2 - 3 + 3. Calculate the remainder when 28 is divided by v(-2).
13
Let t = 36 + -19. What is the remainder when 62 is divided by t?
11
Suppose 5*d = 8 + 27. Let a = 0 + 1. Suppose 5 = 2*x - a. Calculate the remainder when d is divided by x.
1
Suppose j = -0*j + 35. Let a = -24 + j. What is the remainder when a is divided by (2/(-5))/(2/(-20))?
3
Suppose 0 = -z + 14*z - 1547. What is the remainder when z is divided by 11?
9
Suppose 6*z = z + 65. Calculate the remainder when z is divided by 4.
1
Let p = -16 - -81. What is the remainder when p is divided by 23?
19
Let t(x) = 15*x**2 - 6*x + 9. What is the remainder when t(2) is divided by 12?
9
Suppose -c - 1 = 0, 13*r - 32 = 11*r + 4*c. Calculate the remainder when r is divided by 3.
2
Let m be (-3 - -4) + 4/(-2). Let f = 14 + m. What is the remainder when 50 is divided by f?
11
Suppose 117 = 5*p + 2*x, -2*p - 42 = -4*p + 4*x. Calculate the remainder when p is divided by 6.
5
Let n(a) = -a**2 - 6*a + 4. Let x be n(-6). Suppose x*k - 53 = 127. Suppose 7*j - 2*j - k = 0. What is the remainder when 26 is divided by j?
8
Let x = -1 + 6. What is the remainder when 21 is divided by x?
1
Let g = -8 - -9. Let v(o) = 12*o**3 - o**2 - o + 1. What is the remainder when 30 is divided by v(g)?
8
Let u be 2*(-6)/(-4) - -9. Let k be 37/(-3) - (-4)/u. Let d = k - -19. What is the remainder when 13 is divided by d?
6
Suppose -16 = -4*y + 5*a + 72, -y = -4*a - 22. What is the remainder when 40 is divided by y?
18
Let j(t) = t**3 - 8*t**2 + 10*t - 3. Let z be j(7). Suppose -4*b + z + 18 = 0. What is the remainder when 25 is divided by b?
7
Suppose 0 = -3*a + 5*h, -3*a = -2*h + 5*h - 24. Suppose 4 = 5*o + 5*q - 1, -4*q = 2*o. What is the remainder when a is divided by o?
1
Suppose -3*y + l = 5*l - 25, -2*y + 4*l + 50 = 0. What is the remainder when 59 is divided by y?
14
Suppose 9 = 3*y - 3. Suppose -j = 2*j - 30. What is the remainder when j is divided by y?
2
Let o be (-17)/(-5) + 2/(-5). Suppose 0 = -o*d + 22 + 5. Calculate the remainder when 24 is divided by d.
6
Let t(i) = i + 7. Calculate the remainder when t(4) is divided by 5.
1
Suppose -2*r - 32 = -148. Calculate the remainder when r is divided by 15.
13
Let x = 1 + 2. Suppose 0 = -t + 3*v + 9, -5*t + 5*v = -23 - 22. Calculate the remainder when t is divided by x.
0
What is the remainder when (10/4 + -1)*60 is divided by 25?
15
Let c = -6 + 59. What is the remainder when c is divided by 18?
17
Suppose 0 = y + 4 + 6. Suppose f - 5*d - 5 = 0, 25 = 2*f - d - 3. Let i = f + y. What is the remainder when i is divided by 2?
1
Let g = 100 - 30. Calculate the remainder when g is divided by 18.
16
Suppose -4*a + 5*s = -7*a + 11, 0 = a - 5*s + 3. Suppose 0*v - 2*v - a = i, -19 = v + 5*i. Let c = v - -1. What is the remainder when 5 is divided by c?
1
Let y(x) = -x**2 + 7*x - 1. Suppose -4*l = -2*l - 8. Suppose l*s - 72 = 32. What is the remainder when s is divided by y(5)?
8
Let s(b) = -b**3 + 4*b**2 - 9*b + 1. Let w be s(8). What is the remainder when w/(-18) + (-2)/12 is divided by 7?
4
Let z(m) = -m**3 - 20*m**2 - 3*m - 7. What is the remainder when 158 is divided by z(-20)?
52
Suppose -11 = -s - 5*g, -3*g + 32 + 23 = 5*s. Calculate the remainder when 11 is divided by s.
0
Let z = -67 + 84. What is the remainder when z is divided by 12?
5
Suppose -i + 285 = 5*w - 61, -347 = -5*w - 2*i. Calculate the remainder when w is divided by 14.
13
Suppose 30 = -2*t + 7*t. Let f = 53 + -31. What is the remainder when f is divided by t?
4
What is the remainder when 11 is divided by 208/48 + 2/3?
1
Let d = 159 + -91. What is the remainder when d is divided by 14?
12
What is the remainder when 2/(-10) + 212/10 is divided by 11?
10
Let k = 52 - -23. Let r = -130 - -149. Calculate the remainder when k is divided by r.
18
Let o(j) = 3*j - 33. What is the remainder when o(20) is divided by 7?
6
Let i be 0*-2*(-2)/(-8). Suppose 3*n + 28 = -4*m, i = -4*m - 4*n + 17 - 41. Let o(j) = -4*j - 5. What is the remainder when o(m) is divided by 18?
17
Suppose 2*o - 4*o + 53 = b, -o = -4*b - 49. Calculate the remainder when 85 is divided by o.
27
Let w(n) = -15*n**3 + 23*n**2 + 2*n - 11. Let j(p) = -7*p**3 + 11*p**2 + p - 5. Let k(o) = 13*j(o) - 6*w(o). What is the remainder when k(4) is divided by 11?
10
Let f be ((-1)/2)/((-3)/(-210)). Let q = f - -53. What is the remainder when 35 is divided by q?
17
Let a be (100/(-8))/(1/(-6)). Suppose -9*g = -4*g - a. Calculate the remainder when g is divided by 4.
3
Suppose -4*d + 129 = 5*b - 0*b, -4*d = 16. Calculate the remainder when 86 is divided by b.
28
Suppose -4*q - 3*g = -57, -2*q + 9 = -g - 4*g. Suppose -31 = -n - s, 132 = n + 3*n + 2*s. What is the remainder when n is divided by q?
11
Let i(o) = -9 + 5*o + 3*o + 8. Let j be i(-2). Let q = 31 + j. Calculate the remainder when 27 is divided by q.
13
Calculate the remainder when 2/10 - (-720)/25 - -3 is divided by 18.
14
Suppose 55 = -d + 6*d. Calculate the remainder when d is divided by 3.
2
Suppose 5*k - 103 = 3*j + 393, 3*k = -2*j + 309. What is the remainder when k is divided by 26?
23
Let n(f) = -f**3 - 2*f + 2. Let k be n(2). Let b = -35 + 30. Let q = b - k. What is the remainder when q is divided by 3?
2
Suppose 5*s = -2*j + 124, 0 = 5*s - 10*s + 4*j + 142. Calculate the remainder when 100 is divided by s.
22
Let k = -47 - -96. Let b(h) = h**3 - 9*h**2 - 9*h + 3. Calculate the remainder when k is divided by b(10).
10
Suppose 0*c - 5*p + 54 = c, 4*c - 116 = 5*p. Let i = -49 - -100. Suppose 0 = 3*z + 2*h - h - i, -2*z + h = -39. Calculate the remainder when c is divided by z.
16
Suppose 3*f = 4*b + 10, -6 - 14 = -4*b. Let j(i) = 2*i**2 + 8*i + 5. Calculate the remainder when j(-6) is divided by f.
9
Suppose -1 = 3*o - 40. What is the remainder when 24 is divided by o?
11
Suppose -2*j = -j - 36. Let c = 55 - j. Calculate the remainder when c is divided by 10.
9
Let w(c) = 6*c - 2. Let o(n) = -n**3 - n**2 + 2*n + 3. Let q be o(-2). What is the remainder when w(q) is divided by 9?
7
Let q(m) = 6*m + 1. Let j(g) = -g + 1. Suppose -6 = -3*i - 0. Let t(k) = i*j(k) + q(k). What is the remainder when t(6) is divided by 10?
7
Let a(t) = 7*t + 7. Suppose 2 + 2 = d. Calculate the remainder when a(0) is divided by d.
3
Let a = 6 + -3. Suppose -55 = -5*g - a*k - 2*k, -g + 4*k + 16 = 0. Calculate the remainder when 33 is divided by g.
9
Let j(y) = 2*y**2 + 2*y + 5. What is the remainder when 82 is divided by j(-3)?
14
Suppose 81 - 9 = 3*m. Suppose -103 - 1 = -8*q. What is the remainder when m is divided by q?
11
Let f = 137 - 90. Calculate the remainder when f is divided by 24.
23
Calculate the remainder when 91 is divided by 2/(-3 + 284/92).
22
Let l be (-1)/(-6)*3*10. Suppose 5*x - 5 = -b, x + 1 = l*b + 2*x. Suppose 3*u + 2*u - 90 = b. What is the remainder when 34 is divided by u?
16
Let u be 1/(0 - (-3 - -2)). Let n = u - -44. What is the remainder when n is divided by 23?
22
Calculate the remainder when ((-20)/(-3))/(4/18) is divided by (24/9*3)/(2/4).
14
Suppose -4*x - 122 = -5*q, 3*x = -3*q - 3 + 87. What is the remainder when q is divided by 7?
5
Let f = 54 - 32. Calculate the remainder when f is divided by 7 + (1 - 4) - -4.
6
Suppose 4*f = 48 - 0. What is the remainder when (-2)/4 + (-142)/(-4) is divided by f?
11
Suppose 0 = 4*v - 62 + 10. Calculate the remainder when 49 is divided by v.
10
Let h be 2*(4 + -2) + 1. Suppose -4*s + j + 238 = 4*j, -s - h*j = -68. What is the remainder when s is divide